{"id":76,"date":"2013-11-19T21:19:40","date_gmt":"2013-11-19T20:19:40","guid":{"rendered":"http:\/\/petite-boutique-curiosit\u00e9s.fr\/?page_id=76"},"modified":"2025-11-25T21:51:41","modified_gmt":"2025-11-25T20:51:41","slug":"rendez-vous","status":"publish","type":"page","link":"https:\/\/petite-boutique-curiosit\u00e9s.fr\/index.php\/rendez-vous\/","title":{"rendered":"Rendez-Vous"},"content":{"rendered":"<p>Pour suivre mon actualit\u00e9, rendez-vous sur mes pages Facebook et instagram :<\/p>\n<p><a href=\"https:\/\/www.facebook.com\/annaig.delahaye\"><img loading=\"lazy\" decoding=\"async\" src=\"https:\/\/petite-boutique-curiosit\u00e9s.fr\/wp-content\/uploads\/2024\/11\/facebook.png\" alt=\"lien FB\" width=\"24\" height=\"24\" \/><\/a><br \/>\n<a href=\"https:\/\/www.instagram.com\/annaig_delahaye\"><img loading=\"lazy\" decoding=\"async\" src=\"https:\/\/petite-boutique-curiosit\u00e9s.fr\/wp-content\/uploads\/2024\/11\/instagram.png\" alt=\"lien FB\" width=\"24\" height=\"24\" \/><\/a><\/p>\n<h3>&#8211;&gt; L&rsquo;atelier<\/h3>\n<p>Vous pourrez me retrouver \u00e0 l&rsquo;atelier \u00e0 CORPS-NUDS sous le nom de \u00ab la petite boutique des curiosit\u00e9s \u00bb au 18 rue des loisirs.<br \/>\nVous pourrez d\u00e9couvrir un lieu insolite \u00e0 mi chemin entre un laboratoire de science et un cabinet de curiosit\u00e9s ou s&rsquo;entassent mes collections d&rsquo;objets oniriques.<\/p>\n<p>Avant de venir, passez moi un petit coup de fil au 06 71 70 41 26 pour vous assurer de ma pr\u00e9sence.<\/p>\n<p>\u00c7a vous dit une petite visite (virtuelle) de l&rsquo;atelier ???<\/p>\n<div style=\"width: 604px;\" class=\"wp-video\"><video class=\"wp-video-shortcode\" id=\"video-76-1\" width=\"604\" height=\"340\" preload=\"metadata\" controls=\"controls\"><source type=\"video\/mp4\" src=\"http:\/\/petite-boutique-curiosit\u00e9s.fr\/wp-content\/uploads\/2020\/11\/annaig2020.mp4?_=1\" \/><a href=\"http:\/\/petite-boutique-curiosit\u00e9s.fr\/wp-content\/uploads\/2020\/11\/annaig2020.mp4\">http:\/\/petite-boutique-curiosit\u00e9s.fr\/wp-content\/uploads\/2020\/11\/annaig2020.mp4<\/a><\/video><\/div>\n<div dir=\"ltr\">\n<h3>&#8211;&gt; Atelier portes ouverte<\/h3>\n<p>\u00c0 l&rsquo;occasion du circuit artistique \u00ab\u00a0Made in Corps-Nuds\u00a0\u00bb du 21 au 30 novembre 2025 dans le bourg de corps-Nuds .<\/p>\n<\/div>\n<div dir=\"ltr\">Vous pourrez d\u00e9couvrir 3 ateliers, 2 boutiques d&rsquo;artisanat et une boutique \u00e9ph\u00e9m\u00e8re avec 18 cr\u00e9ateurs cornusiens.<\/div>\n<div dir=\"ltr\"><\/div>\n<div dir=\"ltr\">Au total pas moins de 55 artisans, cr\u00e9ateurs et artistes repr\u00e9sent\u00e9s !<\/div>\n<div dir=\"ltr\"><\/div>\n<div dir=\"ltr\"><a href=\"https:\/\/www.facebook.com\/MadeinCorpsNuds\" target=\"_blank\" rel=\"noreferrer noopener\">https:\/\/www.facebook.com\/MadeinCorpsNuds<\/a><\/div>\n<div dir=\"ltr\"><\/div>\n<div dir=\"ltr\" data-setdir=\"false\"><a href=\"https:\/\/www.instagram.com\/madeincorps_nuds\/\" target=\"_blank\" rel=\"noreferrer noopener\">https:\/\/www.instagram.com\/madeincorps_nuds\/<\/a><\/div>\n<div dir=\"ltr\" data-setdir=\"false\"><a href=\"https:\/\/petite-boutique-curiosit\u00e9s.fr\/wp-content\/uploads\/2025\/11\/affiche-MICN-2025-final-scaled.png\"><img loading=\"lazy\" decoding=\"async\" class=\"alignnone wp-image-2332 size-large\" src=\"https:\/\/petite-boutique-curiosit\u00e9s.fr\/wp-content\/uploads\/2025\/11\/affiche-MICN-2025-final-1024x724.png\" alt=\"\" width=\"604\" height=\"427\" srcset=\"https:\/\/petite-boutique-curiosit\u00e9s.fr\/wp-content\/uploads\/2025\/11\/affiche-MICN-2025-final-1024x724.png 1024w, https:\/\/petite-boutique-curiosit\u00e9s.fr\/wp-content\/uploads\/2025\/11\/affiche-MICN-2025-final-300x212.png 300w, https:\/\/petite-boutique-curiosit\u00e9s.fr\/wp-content\/uploads\/2025\/11\/affiche-MICN-2025-final-768x543.png 768w, https:\/\/petite-boutique-curiosit\u00e9s.fr\/wp-content\/uploads\/2025\/11\/affiche-MICN-2025-final-1536x1086.png 1536w, https:\/\/petite-boutique-curiosit\u00e9s.fr\/wp-content\/uploads\/2025\/11\/affiche-MICN-2025-final-2048x1448.png 2048w\" sizes=\"auto, (max-width: 604px) 100vw, 604px\" \/><\/a><\/div>\n<div dir=\"ltr\" data-setdir=\"false\"><a href=\"https:\/\/petite-boutique-curiosit\u00e9s.fr\/wp-content\/uploads\/2025\/11\/Plan_Made_in_Corps-Nuds_2025.jpeg\"><img loading=\"lazy\" decoding=\"async\" class=\"alignnone wp-image-2331 size-large\" src=\"https:\/\/petite-boutique-curiosit\u00e9s.fr\/wp-content\/uploads\/2025\/11\/Plan_Made_in_Corps-Nuds_2025-735x1024.jpeg\" alt=\"\" width=\"604\" height=\"841\" srcset=\"https:\/\/petite-boutique-curiosit\u00e9s.fr\/wp-content\/uploads\/2025\/11\/Plan_Made_in_Corps-Nuds_2025-735x1024.jpeg 735w, https:\/\/petite-boutique-curiosit\u00e9s.fr\/wp-content\/uploads\/2025\/11\/Plan_Made_in_Corps-Nuds_2025-215x300.jpeg 215w, https:\/\/petite-boutique-curiosit\u00e9s.fr\/wp-content\/uploads\/2025\/11\/Plan_Made_in_Corps-Nuds_2025-768x1070.jpeg 768w, https:\/\/petite-boutique-curiosit\u00e9s.fr\/wp-content\/uploads\/2025\/11\/Plan_Made_in_Corps-Nuds_2025-1103x1536.jpeg 1103w, https:\/\/petite-boutique-curiosit\u00e9s.fr\/wp-content\/uploads\/2025\/11\/Plan_Made_in_Corps-Nuds_2025.jpeg 1438w\" sizes=\"auto, (max-width: 604px) 100vw, 604px\" \/><\/a><\/div>\n<div dir=\"ltr\" data-setdir=\"false\"><\/div>\n<div dir=\"ltr\" data-setdir=\"false\"><\/div>\n<h3>&#8211;&gt; Les march\u00e9s hebdomadaires<br \/>\nPlace Saint Anne \u00e0 Rennes<\/h3>\n<div>Je fais partie du collectif <strong>\u00ab\u00a0<a href=\"https:\/\/www.rennarts.com\" target=\"_blank\" rel=\"noopener noreferrer\">Renn&rsquo;arts<\/a>\u00ab\u00a0<\/strong> qui regroupe une quarantaine de cr\u00e9ateurs du grand ouest et qui organise plusieurs march\u00e9s \u00e0 Rennes.<\/div>\n<div>Pour plus de renseignements, consultez :<br \/>\n<a href=\"https:\/\/www.rennarts.com\/\" target=\"_blank\" rel=\"noopener noreferrer\"><u>https:\/\/www.rennarts.com<\/u><\/a><\/div>\n<div id=\"polaroid-tupence\">\n<figure><img loading=\"lazy\" decoding=\"async\" src=\"https:\/\/petite-boutique-curiosit\u00e9s.fr\/wp-content\/uploads\/2023\/11\/stand.jpg\" alt=\"Photo pr\u00e9sentant Anna\u00efg au March\u00e9 de No\u00ebl en 2013\" width=\"464\" height=\"464\" \/><figcaption>&#8211; Le \u00ab\u00a0petit stand\u00a0\u00bb des curiosit\u00e9s &#8211;<\/figcaption><\/figure>\n<ul>\n<li>\n<ul>\n<li><a>Un march\u00e9 hebdomadaire<\/a> :<br \/>\nTous les samedis de mars \u00e0 juin et de septembre \u00e0 novembre<\/li>\n<\/ul>\n<\/li>\n<\/ul>\n<p>&nbsp;<\/p>\n<\/div>\n<h3><strong>&#8211;&gt; March\u00e9 de No\u00ebl<\/strong><\/h3>\n<p><u>Je ne ferai pas le march\u00e9 Renn&rsquo;arts<\/u>\u00a0( place Hoche \u00e0 Rennes) en d\u00e9cembre cette ann\u00e9e, je retape mes bras.<br \/>\nCependant, je compte bien y retourner en 2026 ! <img loading=\"lazy\" decoding=\"async\" class=\"ydp7f685993yiv4207893069ydp1022f552yahoo-emoji-wrapper\" title=\"Emoji\" src=\"https:\/\/s.yimg.com\/nq\/yemoji_assets\/latest\/yemoji_assets\/1f60a.png\" alt=\"Emoji\" width=\"16\" height=\"16\" data-inlineimagemanipulating=\"true\" \/><\/p>\n<p><em>Mais notez bien que cela reste une ambiance chaleureuse garantie, des univers cr\u00e9atifs \u00e0 d\u00e9couvrir et le plaisir de trouver des id\u00e9es de cadeaux originaux et locaux.<\/em><br \/>\n<em>infos pratiques :<\/em><br \/>\n<em><img loading=\"lazy\" decoding=\"async\" src=\"https:\/\/static.xx.fbcdn.net\/images\/emoji.php\/v9\/taa\/1.5\/16\/1f449.png\" alt=\"\" width=\"16\" height=\"16\" \/> Chapiteau Chauff\u00e9<\/em><br \/>\n<em><img loading=\"lazy\" decoding=\"async\" src=\"https:\/\/static.xx.fbcdn.net\/images\/emoji.php\/v9\/taa\/1.5\/16\/1f449.png\" alt=\"\" width=\"16\" height=\"16\" \/> Parking souterrain<\/em><br \/>\n<a href=\"https:\/\/www.instagram.com\/renn_arts\/\">instagram.com\/renn_arts<\/a><br \/>\n<a href=\"https:\/\/www.facebook.com\/Rennarts35\">facebook.com\/Rennarts35<\/a><\/p>\n<div id=\"polaroid-tupence\">\n<figure><img loading=\"lazy\" decoding=\"async\" class=\"alignnone\" src=\"https:\/\/petite-boutique-curiosit\u00e9s.fr\/wp-content\/uploads\/2025\/11\/Marche_Createurs_2025.jpg\" alt=\"\" width=\"378\" height=\"388\" \/><figcaption>&#8211; Le March\u00e9 de No\u00ebl &#8211;<\/figcaption><\/figure>\n<\/div>\n<div dir=\"ltr\"><u>March\u00e9 de No\u00ebl le dimanche 7 d\u00e9cembre \u00e0 Corps-Nuds<\/u><\/div>\n<div dir=\"ltr\">(salle de la Huberdi\u00e8re )<\/div>\n<div dir=\"ltr\">J&rsquo;y serai avec ma petite boutique des curiosit\u00e9s.<\/div>\n<div dir=\"ltr\">Ne ratez pas cet excellent march\u00e9 \u00e9thique et \u00e9coresponsable avec en prime une sacr\u00e9e belle ambiance !<\/div>\n<div dir=\"ltr\"><a href=\"https:\/\/www.facebook.com\/bidouilleassociation\" target=\"_blank\" rel=\"noreferrer noopener\">https:\/\/www.facebook.com\/bidouilleassociation<\/a><\/div>\n<div id=\"polaroid-tupence\">\n<figure><a href=\"https:\/\/petite-boutique-curiosit\u00e9s.fr\/wp-content\/uploads\/2025\/11\/2025_marche_Noel.jpg\"><img loading=\"lazy\" decoding=\"async\" class=\"alignnone\" src=\"https:\/\/petite-boutique-curiosit\u00e9s.fr\/wp-content\/uploads\/2025\/11\/2025_marche_Noel.jpg\" alt=\"\" width=\"375\" height=\"531\" \/><\/a><figcaption>&#8211; March\u00e9 de No\u00ebl \u00e0 Corps-Nuds-<\/figcaption><\/figure>\n<\/div>\n","protected":false},"excerpt":{"rendered":"<p>Pour suivre mon actualit\u00e9, rendez-vous sur mes pages Facebook et instagram : &#8211;&gt; L&rsquo;atelier Vous pourrez me retrouver \u00e0 l&rsquo;atelier \u00e0 CORPS-NUDS sous le nom de \u00ab la petite boutique des curiosit\u00e9s \u00bb au 18 rue des loisirs. Vous pourrez d\u00e9couvrir un lieu insolite \u00e0 mi chemin entre un laboratoire de science et un cabinet &hellip; <a href=\"https:\/\/petite-boutique-curiosit\u00e9s.fr\/index.php\/rendez-vous\/\" class=\"more-link\">Continuer la lecture de <span class=\"screen-reader-text\">Rendez-Vous<\/span> <span class=\"meta-nav\">&rarr;<\/span><\/a><\/p>\n","protected":false},"author":1,"featured_media":0,"parent":0,"menu_order":4,"comment_status":"closed","ping_status":"closed","template":"","meta":{"footnotes":""},"class_list":["post-76","page","type-page","status-publish","hentry"],"_links":{"self":[{"href":"https:\/\/petite-boutique-curiosit\u00e9s.fr\/index.php\/wp-json\/wp\/v2\/pages\/76","targetHints":{"allow":["GET"]}}],"collection":[{"href":"https:\/\/petite-boutique-curiosit\u00e9s.fr\/index.php\/wp-json\/wp\/v2\/pages"}],"about":[{"href":"https:\/\/petite-boutique-curiosit\u00e9s.fr\/index.php\/wp-json\/wp\/v2\/types\/page"}],"author":[{"embeddable":true,"href":"https:\/\/petite-boutique-curiosit\u00e9s.fr\/index.php\/wp-json\/wp\/v2\/users\/1"}],"replies":[{"embeddable":true,"href":"https:\/\/petite-boutique-curiosit\u00e9s.fr\/index.php\/wp-json\/wp\/v2\/comments?post=76"}],"version-history":[{"count":127,"href":"https:\/\/petite-boutique-curiosit\u00e9s.fr\/index.php\/wp-json\/wp\/v2\/pages\/76\/revisions"}],"predecessor-version":[{"id":2356,"href":"https:\/\/petite-boutique-curiosit\u00e9s.fr\/index.php\/wp-json\/wp\/v2\/pages\/76\/revisions\/2356"}],"wp:attachment":[{"href":"https:\/\/petite-boutique-curiosit\u00e9s.fr\/index.php\/wp-json\/wp\/v2\/media?parent=76"}],"curies":[{"name":"wp","href":"https:\/\/api.w.org\/{rel}","templated":true}]}}